{"id":1872,"date":"2024-02-06T17:52:21","date_gmt":"2024-02-06T16:52:21","guid":{"rendered":"https:\/\/www.signes.es\/nosaltres\/reconeixements\/"},"modified":"2024-03-18T08:47:18","modified_gmt":"2024-03-18T07:47:18","slug":"reconeixements","status":"publish","type":"page","link":"https:\/\/www.signes.es\/ca\/nosaltres\/reconeixements\/","title":{"rendered":"Reconeixements"},"content":{"rendered":"\t\t<div data-elementor-type=\"wp-page\" data-elementor-id=\"1872\" class=\"elementor elementor-1872 elementor-497\" data-elementor-post-type=\"page\">\n\t\t\t\t<div class=\"elementor-element elementor-element-ad25eb5 e-flex e-con-boxed e-con e-parent\" data-id=\"ad25eb5\" data-element_type=\"container\">\n\t\t\t\t\t<div class=\"e-con-inner\">\n\t\t<div class=\"elementor-element elementor-element-cf2b34a e-flex e-con-boxed e-con e-child\" data-id=\"cf2b34a\" data-element_type=\"container\">\n\t\t\t\t\t<div class=\"e-con-inner\">\n\t\t\t\t<div class=\"elementor-element elementor-element-14d78c1 elementor-widget elementor-widget-text-editor\" data-id=\"14d78c1\" data-element_type=\"widget\" data-widget_type=\"text-editor.default\">\n\t\t\t\t<div class=\"elementor-widget-container\">\n\t\t\t\t\t\t\t<p><strong><span class=\"title\" style=\"color: #1c3255;\">Premi ED Awards<\/span><\/strong><\/p>\n<p><strong><span class=\"year\">2010<\/span><\/strong><\/p>\n<p class=\"description\">European Design Awards a Andreu Balius per la tipografia DSignes, dissenyada per a Signes<\/p>\n<p><strong><span class=\"title\" style=\"color: #1c3255;\">Premi Lletra<\/span><\/strong><\/p>\n<p><strong><span class=\"year\">2009<\/span><\/strong><\/p>\n<p class=\"description\">Premis nacionals de comunicaci\u00f3 visual i gr\u00e0fica d&#8217;entorn) a la categoria Miscel\u00b7l\u00e0nia a Andreu Balius per la tipografia DSignes, dissenyada per a Signes<\/p>\n<p><span style=\"color: #1c3255;\"><strong><span class=\"title\">Selecci\u00f3 Laus<\/span><\/strong><\/span><\/p>\n<p><strong><span class=\"year\">2008<\/span><\/strong><\/p>\n<p class=\"description\">Al llibre &#8220;25.000 km de Signes&#8221; a les categories de Llibre Complet i Millor \u00das de la Il\u00b7lustraci\u00f3<\/p>\n<p><span style=\"color: #1c3255;\"><strong><span class=\"title\">Premi Visual de Disseny de Llibres<\/span><\/strong><\/span><\/p>\n<p><strong><span class=\"year\">2007<\/span><\/strong><\/p>\n<p class=\"description\">Llibre &#8220;25.000 km de Signes&#8221; a la categoria Institucional \/ D&#8217;Empresa, i diploma a la categoria de Disseny de Llibre<\/p>\n<p><strong><span class=\"title\" style=\"color: #1c3255;\">Premi Nacional de Disseny<\/span><\/strong><\/p>\n<p><strong><span class=\"year\">2006<\/span><\/strong><\/p>\n<p class=\"description\">&#8220;Una empresa que, gr\u00e0cies a la seva aposta pel disseny, \u00e9s l\u00edder en la senyalitzaci\u00f3 d&#8217;espais p\u00fablics. La seva pol\u00edtica d&#8217;incorporar alt valor afegit al producte li permet treballar en projectes importants i iniciar-se als mercats internacionals. Des de la Fundaci\u00f3 Signes desenvolupa una constant labor pedag\u00f2gica i de suport als joves&#8221;<\/p>\n<p><span style=\"color: #1c3255;\"><strong><span class=\"title\">Medalla FAD<\/span><\/strong><\/span><\/p>\n<p><strong><span class=\"year\">2006<\/span><\/strong><\/p>\n<p class=\"description\">Foment de les Arts i del Disseny a Llu\u00eds Mor\u00f3n i Carmen Revilla per la tasca realitzada a la Fundaci\u00f3 Signes<\/p>\n<p><span style=\"color: #1c3255;\"><strong><span class=\"title\">Premi Pr\u00edncep Felip a l&#8217;Excel\u00b7l\u00e8ncia Empresarial en la modalitat de Disseny<\/span><\/strong><\/span><\/p>\n<p><strong><span class=\"year\">2004<\/span><\/strong><\/p>\n<p class=\"description\">&#8220;Per la seva significativa aportaci\u00f3 creativa i la qualitat dels productes i serveis oferts en la seva dilatada i singular traject\u00f2ria; perqu\u00e8 han convertit la seva empresa en una eina fonamental per a l&#8217;eficient evoluci\u00f3 del disseny gr\u00e0fic al mercat i pel seu permanent, gener\u00f3s i valent suport a les noves generacions de dissenyadors&#8221;.<\/p>\n<p><span style=\"color: #1c3255;\"><strong><span class=\"title\">Premi Lletra especial a la traject\u00f2ria de Signes<\/span><\/strong><\/span><\/p>\n<p><strong><span class=\"year\">2004<\/span><\/strong><\/p>\n<p><span style=\"color: #1c3255;\"><strong><span class=\"title\">Premis Pr\u00edncipe Felipe a l&#8217;Excel\u00b7l\u00e8ncia Empresarial en la modalitat de disseny (8a edici\u00f3)<\/span><\/strong><\/span><\/p>\n<p><strong><span class=\"year\">2003<\/span><\/strong><\/p>\n<p class=\"description\">Menci\u00f3 especial \u201cper la singularitat exemplar de la seva orientaci\u00f3 empresarial, que posa en relleu el valor conceptual del disseny en un \u00e0mbit de tant impacte social com el de la senyalitzaci\u00f3 de l&#8217;entorn, vinculant el disseny gr\u00e0fic i el disseny industrial amb l&#8217;arquitectura i l&#8217;interiorisme , i pel seu suport efectiu, gener\u00f3s i intel\u00b7ligent als dissenyadors joves&#8221;<\/p>\n<p><span style=\"color: #1c3255;\"><strong><span class=\"title\">Premi IDQ (Imatge, Disseny i Qualitat) del Col\u00b7legi Oficial de Dissenyadors d&#8217;Interiors i Decoradors de Catalunya<\/span><\/strong><\/span><\/p>\n<p><strong><span class=\"year\">2003<\/span><\/strong><\/p>\n<p class=\"description\">Finalista a l&#8217;apartat de Recerca.<\/p>\n<p><span style=\"color: #1c3255;\"><strong><span class=\"title\">Premi J, Joves en Positiu (Joves en Positiu), de l&#8217;Ajuntament de Barcelona a la creaci\u00f3 art\u00edstica<\/span><\/strong><\/span><\/p>\n<p><strong><span class=\"year\">2003<\/span><\/strong><\/p>\n<p class=\"description\">Per la traject\u00f2ria del Premi Signes, &#8220;en reconeixement de la contribuci\u00f3 de Signes a la promoci\u00f3 de la creaci\u00f3 art\u00edstica dels joves&#8221;<\/p>\n<p><span style=\"color: #1c3255;\"><strong><span class=\"title\">Premi Lletra al millor sistema de directoris<\/span><\/strong><\/span><\/p>\n<p><strong><span class=\"year\">2003<\/span><\/strong><\/p>\n<p class=\"description\">Per la senyalitzaci\u00f3 d&#8217;INFECAR (Instituci\u00f3 Firal de Can\u00e0ries)<\/p>\n<p><span style=\"color: #1c3255;\"><strong><span class=\"title\">Nominaci\u00f3 Laus<\/span><\/strong><\/span><\/p>\n<p><span style=\"color: #000000;\"><strong><span class=\"year\">1996<\/span><\/strong><\/span><\/p>\n<p class=\"description\">Per la nova Identitat Corporativa de Signes (Disseny: Morillas Brand Design)<\/p>\n<p><span style=\"color: #1c3255;\"><strong><span class=\"title\">Nominaci\u00f3 Laus<\/span><\/strong><\/span><\/p>\n<p><strong><span class=\"year\">1995<\/span><\/strong><\/p>\n<p class=\"description\">Per la imatge del Premi Signes per a Estudiants de Disseny (Disseny: Llu\u00eds Morillas)<\/p>\n<p><span style=\"color: #1c3255;\"><strong><span class=\"title\">Trofeu Laus Generalitat a la petita i mitjana empresa<\/span><\/strong><\/span><\/p>\n<p><strong><span class=\"year\">1993<\/span><\/strong><\/p>\n<p class=\"description\">&#8220;Per assumir el disseny com una estrat\u00e8gia que va m\u00e9s enll\u00e0 del terreny de la gr\u00e0fica, la comunicaci\u00f3 visual i la publicitat, cobrint coherentment la pr\u00e0ctica totalitat dels mitjans de l&#8217;activitat empresarial&#8221;<\/p>\n<p><span style=\"color: #1c3255;\"><strong><span class=\"title\">Trofeu Laus Bronce<\/span><\/strong><\/span><\/p>\n<p><strong><span class=\"year\">1992<\/span><\/strong><\/p>\n<p class=\"description\">Pel Cat\u00e0leg Corporatiu (Disseny: Morillas Brand Design)<\/p>\n\t\t\t\t\t\t<\/div>\n\t\t\t\t<\/div>\n\t\t\t\t\t<\/div>\n\t\t\t\t<\/div>\n\t\t<div class=\"elementor-element elementor-element-fb5c493 e-con-full elementor-hidden-mobile e-flex e-con e-child\" data-id=\"fb5c493\" data-element_type=\"container\">\n\t\t\t\t<div class=\"elementor-element elementor-element-f4b4b5f elementor-widget elementor-widget-image\" data-id=\"f4b4b5f\" data-element_type=\"widget\" data-widget_type=\"image.default\">\n\t\t\t\t<div class=\"elementor-widget-container\">\n\t\t\t\t\t\t\t\t\t\t\t\t\t<img fetchpriority=\"high\" decoding=\"async\" width=\"1024\" height=\"768\" src=\"https:\/\/www.signes.es\/wp-content\/uploads\/2024\/02\/PND06-02-1024x768.jpg\" class=\"attachment-large size-large wp-image-1562\" alt=\"\" srcset=\"https:\/\/www.signes.es\/wp-content\/uploads\/2024\/02\/PND06-02-1024x768.jpg 1024w, https:\/\/www.signes.es\/wp-content\/uploads\/2024\/02\/PND06-02-300x225.jpg 300w, https:\/\/www.signes.es\/wp-content\/uploads\/2024\/02\/PND06-02-768x576.jpg 768w, https:\/\/www.signes.es\/wp-content\/uploads\/2024\/02\/PND06-02-1536x1152.jpg 1536w, https:\/\/www.signes.es\/wp-content\/uploads\/2024\/02\/PND06-02-2048x1536.jpg 2048w\" sizes=\"(max-width: 1024px) 100vw, 1024px\" \/>\t\t\t\t\t\t\t\t\t\t\t\t\t<\/div>\n\t\t\t\t<\/div>\n\t\t\t\t<div class=\"elementor-element elementor-element-3ed1966 elementor-widget elementor-widget-image\" data-id=\"3ed1966\" data-element_type=\"widget\" data-widget_type=\"image.default\">\n\t\t\t\t<div class=\"elementor-widget-container\">\n\t\t\t\t\t\t\t\t\t\t\t\t\t<img decoding=\"async\" width=\"1024\" height=\"683\" src=\"https:\/\/www.signes.es\/wp-content\/uploads\/2024\/02\/PND06-11-1024x683.jpg\" class=\"attachment-large size-large wp-image-1564\" alt=\"\" srcset=\"https:\/\/www.signes.es\/wp-content\/uploads\/2024\/02\/PND06-11-1024x683.jpg 1024w, https:\/\/www.signes.es\/wp-content\/uploads\/2024\/02\/PND06-11-300x200.jpg 300w, https:\/\/www.signes.es\/wp-content\/uploads\/2024\/02\/PND06-11-768x512.jpg 768w, https:\/\/www.signes.es\/wp-content\/uploads\/2024\/02\/PND06-11-1536x1024.jpg 1536w, https:\/\/www.signes.es\/wp-content\/uploads\/2024\/02\/PND06-11-2048x1365.jpg 2048w\" sizes=\"(max-width: 1024px) 100vw, 1024px\" \/>\t\t\t\t\t\t\t\t\t\t\t\t\t<\/div>\n\t\t\t\t<\/div>\n\t\t\t\t<div class=\"elementor-element elementor-element-4aef375 elementor-widget elementor-widget-image\" data-id=\"4aef375\" data-element_type=\"widget\" data-widget_type=\"image.default\">\n\t\t\t\t<div class=\"elementor-widget-container\">\n\t\t\t\t\t\t\t\t\t\t\t\t\t<img decoding=\"async\" width=\"1024\" height=\"683\" src=\"https:\/\/www.signes.es\/wp-content\/uploads\/2024\/02\/Pr.Ppe_.Felipe-9-10-1024x683.jpg\" class=\"attachment-large size-large wp-image-1566\" alt=\"\" srcset=\"https:\/\/www.signes.es\/wp-content\/uploads\/2024\/02\/Pr.Ppe_.Felipe-9-10-1024x683.jpg 1024w, https:\/\/www.signes.es\/wp-content\/uploads\/2024\/02\/Pr.Ppe_.Felipe-9-10-300x200.jpg 300w, https:\/\/www.signes.es\/wp-content\/uploads\/2024\/02\/Pr.Ppe_.Felipe-9-10-768x512.jpg 768w, https:\/\/www.signes.es\/wp-content\/uploads\/2024\/02\/Pr.Ppe_.Felipe-9-10-1536x1024.jpg 1536w, https:\/\/www.signes.es\/wp-content\/uploads\/2024\/02\/Pr.Ppe_.Felipe-9-10-2048x1366.jpg 2048w\" sizes=\"(max-width: 1024px) 100vw, 1024px\" \/>\t\t\t\t\t\t\t\t\t\t\t\t\t<\/div>\n\t\t\t\t<\/div>\n\t\t\t\t<div class=\"elementor-element elementor-element-9ca3f1c elementor-widget elementor-widget-image\" data-id=\"9ca3f1c\" data-element_type=\"widget\" data-widget_type=\"image.default\">\n\t\t\t\t<div class=\"elementor-widget-container\">\n\t\t\t\t\t\t\t\t\t\t\t\t\t<img loading=\"lazy\" decoding=\"async\" width=\"1024\" height=\"683\" src=\"https:\/\/www.signes.es\/wp-content\/uploads\/2024\/02\/Pr.Ppe_.Felipe-9-8-1024x683.jpg\" class=\"attachment-large size-large wp-image-1568\" alt=\"\" srcset=\"https:\/\/www.signes.es\/wp-content\/uploads\/2024\/02\/Pr.Ppe_.Felipe-9-8-1024x683.jpg 1024w, https:\/\/www.signes.es\/wp-content\/uploads\/2024\/02\/Pr.Ppe_.Felipe-9-8-300x200.jpg 300w, https:\/\/www.signes.es\/wp-content\/uploads\/2024\/02\/Pr.Ppe_.Felipe-9-8-768x512.jpg 768w, https:\/\/www.signes.es\/wp-content\/uploads\/2024\/02\/Pr.Ppe_.Felipe-9-8-1536x1024.jpg 1536w, https:\/\/www.signes.es\/wp-content\/uploads\/2024\/02\/Pr.Ppe_.Felipe-9-8-2048x1366.jpg 2048w\" sizes=\"(max-width: 1024px) 100vw, 1024px\" \/>\t\t\t\t\t\t\t\t\t\t\t\t\t<\/div>\n\t\t\t\t<\/div>\n\t\t\t\t<\/div>\n\t\t\t\t\t<\/div>\n\t\t\t\t<\/div>\n\t\t\t\t<\/div>\n\t\t","protected":false},"excerpt":{"rendered":"<p>Premi ED Awards 2010 European Design Awards a Andreu Balius per la tipografia DSignes, dissenyada per a Signes Premi Lletra 2009 Premis nacionals de comunicaci\u00f3 visual i gr\u00e0fica d&#8217;entorn) a la categoria Miscel\u00b7l\u00e0nia a Andreu Balius per la tipografia DSignes, dissenyada per a Signes Selecci\u00f3 Laus 2008 Al llibre &#8220;25.000 km de Signes&#8221; a les&hellip;<\/p>\n","protected":false},"author":1,"featured_media":0,"parent":1684,"menu_order":0,"comment_status":"closed","ping_status":"closed","template":"elementor_header_footer","meta":{"_acf_changed":false,"inline_featured_image":false,"footnotes":""},"class_list":["post-1872","page","type-page","status-publish","hentry"],"acf":[],"jetpack_sharing_enabled":true,"_links":{"self":[{"href":"https:\/\/www.signes.es\/ca\/wp-json\/wp\/v2\/pages\/1872","targetHints":{"allow":["GET"]}}],"collection":[{"href":"https:\/\/www.signes.es\/ca\/wp-json\/wp\/v2\/pages"}],"about":[{"href":"https:\/\/www.signes.es\/ca\/wp-json\/wp\/v2\/types\/page"}],"author":[{"embeddable":true,"href":"https:\/\/www.signes.es\/ca\/wp-json\/wp\/v2\/users\/1"}],"replies":[{"embeddable":true,"href":"https:\/\/www.signes.es\/ca\/wp-json\/wp\/v2\/comments?post=1872"}],"version-history":[{"count":1,"href":"https:\/\/www.signes.es\/ca\/wp-json\/wp\/v2\/pages\/1872\/revisions"}],"predecessor-version":[{"id":1874,"href":"https:\/\/www.signes.es\/ca\/wp-json\/wp\/v2\/pages\/1872\/revisions\/1874"}],"up":[{"embeddable":true,"href":"https:\/\/www.signes.es\/ca\/wp-json\/wp\/v2\/pages\/1684"}],"wp:attachment":[{"href":"https:\/\/www.signes.es\/ca\/wp-json\/wp\/v2\/media?parent=1872"}],"curies":[{"name":"wp","href":"https:\/\/api.w.org\/{rel}","templated":true}]}}

<div data-elementor-type="wp-page" data-elementor-id="1872" class="elementor elementor-1872 elementor-497" data-elementor-post-type="page">
				<div class="elementor-element elementor-element-ad25eb5 e-flex e-con-boxed e-con e-parent" data-id="ad25eb5" data-element_type="container">
					<div class="e-con-inner">
		<div class="elementor-element elementor-element-cf2b34a e-flex e-con-boxed e-con e-child" data-id="cf2b34a" data-element_type="container">
					<div class="e-con-inner">
				<div class="elementor-element elementor-element-14d78c1 elementor-widget elementor-widget-text-editor" data-id="14d78c1" data-element_type="widget" data-widget_type="text-editor.default">
				<div class="elementor-widget-container">
							<p><strong><span class="title" style="color: #1c3255;">Premi ED Awards</span></strong></p>
<p><strong><span class="year">2010</span></strong></p>
<p class="description">European Design Awards a Andreu Balius per la tipografia DSignes, dissenyada per a Signes</p>
<p><strong><span class="title" style="color: #1c3255;">Premi Lletra</span></strong></p>
<p><strong><span class="year">2009</span></strong></p>
<p class="description">Premis nacionals de comunicació visual i gràfica d&#8217;entorn) a la categoria Miscel·lània a Andreu Balius per la tipografia DSignes, dissenyada per a Signes</p>
<p><span style="color: #1c3255;"><strong><span class="title">Selecció Laus</span></strong></span></p>
<p><strong><span class="year">2008</span></strong></p>
<p class="description">Al llibre &#8220;25.000 km de Signes&#8221; a les categories de Llibre Complet i Millor Ús de la Il·lustració</p>
<p><span style="color: #1c3255;"><strong><span class="title">Premi Visual de Disseny de Llibres</span></strong></span></p>
<p><strong><span class="year">2007</span></strong></p>
<p class="description">Llibre &#8220;25.000 km de Signes&#8221; a la categoria Institucional / D&#8217;Empresa, i diploma a la categoria de Disseny de Llibre</p>
<p><strong><span class="title" style="color: #1c3255;">Premi Nacional de Disseny</span></strong></p>
<p><strong><span class="year">2006</span></strong></p>
<p class="description">&#8220;Una empresa que, gràcies a la seva aposta pel disseny, és líder en la senyalització d&#8217;espais públics. La seva política d&#8217;incorporar alt valor afegit al producte li permet treballar en projectes importants i iniciar-se als mercats internacionals. Des de la Fundació Signes desenvolupa una constant labor pedagògica i de suport als joves&#8221;</p>
<p><span style="color: #1c3255;"><strong><span class="title">Medalla FAD</span></strong></span></p>
<p><strong><span class="year">2006</span></strong></p>
<p class="description">Foment de les Arts i del Disseny a Lluís Morón i Carmen Revilla per la tasca realitzada a la Fundació Signes</p>
<p><span style="color: #1c3255;"><strong><span class="title">Premi Príncep Felip a l&#8217;Excel·lència Empresarial en la modalitat de Disseny</span></strong></span></p>
<p><strong><span class="year">2004</span></strong></p>
<p class="description">&#8220;Per la seva significativa aportació creativa i la qualitat dels productes i serveis oferts en la seva dilatada i singular trajectòria; perquè han convertit la seva empresa en una eina fonamental per a l&#8217;eficient evolució del disseny gràfic al mercat i pel seu permanent, generós i valent suport a les noves generacions de dissenyadors&#8221;.</p>
<p><span style="color: #1c3255;"><strong><span class="title">Premi Lletra especial a la trajectòria de Signes</span></strong></span></p>
<p><strong><span class="year">2004</span></strong></p>
<p><span style="color: #1c3255;"><strong><span class="title">Premis Príncipe Felipe a l&#8217;Excel·lència Empresarial en la modalitat de disseny (8a edició)</span></strong></span></p>
<p><strong><span class="year">2003</span></strong></p>
<p class="description">Menció especial “per la singularitat exemplar de la seva orientació empresarial, que posa en relleu el valor conceptual del disseny en un àmbit de tant impacte social com el de la senyalització de l&#8217;entorn, vinculant el disseny gràfic i el disseny industrial amb l&#8217;arquitectura i l&#8217;interiorisme , i pel seu suport efectiu, generós i intel·ligent als dissenyadors joves&#8221;</p>
<p><span style="color: #1c3255;"><strong><span class="title">Premi IDQ (Imatge, Disseny i Qualitat) del Col·legi Oficial de Dissenyadors d&#8217;Interiors i Decoradors de Catalunya</span></strong></span></p>
<p><strong><span class="year">2003</span></strong></p>
<p class="description">Finalista a l&#8217;apartat de Recerca.</p>
<p><span style="color: #1c3255;"><strong><span class="title">Premi J, Joves en Positiu (Joves en Positiu), de l&#8217;Ajuntament de Barcelona a la creació artística</span></strong></span></p>
<p><strong><span class="year">2003</span></strong></p>
<p class="description">Per la trajectòria del Premi Signes, &#8220;en reconeixement de la contribució de Signes a la promoció de la creació artística dels joves&#8221;</p>
<p><span style="color: #1c3255;"><strong><span class="title">Premi Lletra al millor sistema de directoris</span></strong></span></p>
<p><strong><span class="year">2003</span></strong></p>
<p class="description">Per la senyalització d&#8217;INFECAR (Institució Firal de Canàries)</p>
<p><span style="color: #1c3255;"><strong><span class="title">Nominació Laus</span></strong></span></p>
<p><span style="color: #000000;"><strong><span class="year">1996</span></strong></span></p>
<p class="description">Per la nova Identitat Corporativa de Signes (Disseny: Morillas Brand Design)</p>
<p><span style="color: #1c3255;"><strong><span class="title">Nominació Laus</span></strong></span></p>
<p><strong><span class="year">1995</span></strong></p>
<p class="description">Per la imatge del Premi Signes per a Estudiants de Disseny (Disseny: Lluís Morillas)</p>
<p><span style="color: #1c3255;"><strong><span class="title">Trofeu Laus Generalitat a la petita i mitjana empresa</span></strong></span></p>
<p><strong><span class="year">1993</span></strong></p>
<p class="description">&#8220;Per assumir el disseny com una estratègia que va més enllà del terreny de la gràfica, la comunicació visual i la publicitat, cobrint coherentment la pràctica totalitat dels mitjans de l&#8217;activitat empresarial&#8221;</p>
<p><span style="color: #1c3255;"><strong><span class="title">Trofeu Laus Bronce</span></strong></span></p>
<p><strong><span class="year">1992</span></strong></p>
<p class="description">Pel Catàleg Corporatiu (Disseny: Morillas Brand Design)</p>
						</div>
				</div>
					</div>
				</div>
		<div class="elementor-element elementor-element-fb5c493 e-con-full elementor-hidden-mobile e-flex e-con e-child" data-id="fb5c493" data-element_type="container">
				<div class="elementor-element elementor-element-f4b4b5f elementor-widget elementor-widget-image" data-id="f4b4b5f" data-element_type="widget" data-widget_type="image.default">
				<div class="elementor-widget-container">
													<img fetchpriority="high" decoding="async" width="1024" height="768" src="https://www.signes.es/wp-content/uploads/2024/02/PND06-02-1024x768.jpg" class="attachment-large size-large wp-image-1562" alt="" srcset="https://www.signes.es/wp-content/uploads/2024/02/PND06-02-1024x768.jpg 1024w, https://www.signes.es/wp-content/uploads/2024/02/PND06-02-300x225.jpg 300w, https://www.signes.es/wp-content/uploads/2024/02/PND06-02-768x576.jpg 768w, https://www.signes.es/wp-content/uploads/2024/02/PND06-02-1536x1152.jpg 1536w, https://www.signes.es/wp-content/uploads/2024/02/PND06-02-2048x1536.jpg 2048w" sizes="(max-width: 1024px) 100vw, 1024px" />													</div>
				</div>
				<div class="elementor-element elementor-element-3ed1966 elementor-widget elementor-widget-image" data-id="3ed1966" data-element_type="widget" data-widget_type="image.default">
				<div class="elementor-widget-container">
													<img decoding="async" width="1024" height="683" src="https://www.signes.es/wp-content/uploads/2024/02/PND06-11-1024x683.jpg" class="attachment-large size-large wp-image-1564" alt="" srcset="https://www.signes.es/wp-content/uploads/2024/02/PND06-11-1024x683.jpg 1024w, https://www.signes.es/wp-content/uploads/2024/02/PND06-11-300x200.jpg 300w, https://www.signes.es/wp-content/uploads/2024/02/PND06-11-768x512.jpg 768w, https://www.signes.es/wp-content/uploads/2024/02/PND06-11-1536x1024.jpg 1536w, https://www.signes.es/wp-content/uploads/2024/02/PND06-11-2048x1365.jpg 2048w" sizes="(max-width: 1024px) 100vw, 1024px" />													</div>
				</div>
				<div class="elementor-element elementor-element-4aef375 elementor-widget elementor-widget-image" data-id="4aef375" data-element_type="widget" data-widget_type="image.default">
				<div class="elementor-widget-container">
													<img decoding="async" width="1024" height="683" src="https://www.signes.es/wp-content/uploads/2024/02/Pr.Ppe_.Felipe-9-10-1024x683.jpg" class="attachment-large size-large wp-image-1566" alt="" srcset="https://www.signes.es/wp-content/uploads/2024/02/Pr.Ppe_.Felipe-9-10-1024x683.jpg 1024w, https://www.signes.es/wp-content/uploads/2024/02/Pr.Ppe_.Felipe-9-10-300x200.jpg 300w, https://www.signes.es/wp-content/uploads/2024/02/Pr.Ppe_.Felipe-9-10-768x512.jpg 768w, https://www.signes.es/wp-content/uploads/2024/02/Pr.Ppe_.Felipe-9-10-1536x1024.jpg 1536w, https://www.signes.es/wp-content/uploads/2024/02/Pr.Ppe_.Felipe-9-10-2048x1366.jpg 2048w" sizes="(max-width: 1024px) 100vw, 1024px" />													</div>
				</div>
				<div class="elementor-element elementor-element-9ca3f1c elementor-widget elementor-widget-image" data-id="9ca3f1c" data-element_type="widget" data-widget_type="image.default">
				<div class="elementor-widget-container">
													<img loading="lazy" decoding="async" width="1024" height="683" src="https://www.signes.es/wp-content/uploads/2024/02/Pr.Ppe_.Felipe-9-8-1024x683.jpg" class="attachment-large size-large wp-image-1568" alt="" srcset="https://www.signes.es/wp-content/uploads/2024/02/Pr.Ppe_.Felipe-9-8-1024x683.jpg 1024w, https://www.signes.es/wp-content/uploads/2024/02/Pr.Ppe_.Felipe-9-8-300x200.jpg 300w, https://www.signes.es/wp-content/uploads/2024/02/Pr.Ppe_.Felipe-9-8-768x512.jpg 768w, https://www.signes.es/wp-content/uploads/2024/02/Pr.Ppe_.Felipe-9-8-1536x1024.jpg 1536w, https://www.signes.es/wp-content/uploads/2024/02/Pr.Ppe_.Felipe-9-8-2048x1366.jpg 2048w" sizes="(max-width: 1024px) 100vw, 1024px" />													</div>
				</div>
				</div>
					</div>
				</div>
				</div>

<p>Premi ED Awards 2010 European Design Awards a Andreu Balius per la tipografia DSignes, dissenyada per a Signes Premi Lletra 2009 Premis nacionals de comunicació visual i gràfica d&#8217;entorn) a la categoria Miscel·lània a Andreu Balius per la tipografia DSignes, dissenyada per a Signes Selecció Laus 2008 Al llibre &#8220;25.000 km de Signes&#8221; a les&hellip;</p>
